{"id":3074,"date":"2021-04-15T15:58:58","date_gmt":"2021-04-15T13:58:58","guid":{"rendered":"https:\/\/absoluteboat.com\/?page_id=3074"},"modified":"2025-09-17T22:36:08","modified_gmt":"2025-09-17T20:36:08","slug":"palmer-johnson-yacht-36m-a-louer-cannes","status":"publish","type":"page","link":"https:\/\/absoluteboat.com\/index.php\/palmer-johnson-yacht-36m-a-louer-cannes\/","title":{"rendered":"palmer-johnson-yacht-36m-a-louer-cannes"},"content":{"rendered":"\t\t<div data-elementor-type=\"wp-page\" data-elementor-id=\"3074\" class=\"elementor elementor-3074\">\n\t\t\t\t\t\t<section class=\"elementor-section elementor-top-section elementor-element elementor-element-439754ba elementor-section-full_width elementor-section-stretched elementor-section-height-default elementor-section-height-default\" data-id=\"439754ba\" data-element_type=\"section\" data-e-type=\"section\" data-settings=\"{&quot;stretch_section&quot;:&quot;section-stretched&quot;}\">\n\t\t\t\t\t\t<div class=\"elementor-container elementor-column-gap-narrow\">\n\t\t\t\t\t<div class=\"elementor-column elementor-col-25 elementor-top-column elementor-element elementor-element-1d4cde9d\" data-id=\"1d4cde9d\" data-element_type=\"column\" data-e-type=\"column\">\n\t\t\t<div class=\"elementor-widget-wrap\">\n\t\t\t\t\t\t\t<\/div>\n\t\t<\/div>\n\t\t\t\t<div class=\"elementor-column elementor-col-50 elementor-top-column elementor-element elementor-element-4b35b5bf\" data-id=\"4b35b5bf\" data-element_type=\"column\" data-e-type=\"column\">\n\t\t\t<div class=\"elementor-widget-wrap\">\n\t\t\t\t\t\t\t<\/div>\n\t\t<\/div>\n\t\t\t\t<div class=\"elementor-column elementor-col-25 elementor-top-column elementor-element elementor-element-74cfb3ac\" data-id=\"74cfb3ac\" data-element_type=\"column\" data-e-type=\"column\">\n\t\t\t<div class=\"elementor-widget-wrap elementor-element-populated\">\n\t\t\t\t\t\t<div class=\"elementor-element elementor-element-76ba2569 elementor-align-center elementor-hidden-phone elementor-widget elementor-widget-button\" data-id=\"76ba2569\" data-element_type=\"widget\" data-e-type=\"widget\" data-widget_type=\"button.default\">\n\t\t\t\t<div class=\"elementor-widget-container\">\n\t\t\t\t\t\t\t\t\t<div class=\"elementor-button-wrapper\">\n\t\t\t\t\t<a class=\"elementor-button elementor-button-link elementor-size-xs\" href=\"https:\/\/absoluteboat.com\/index.php\/location-de-yacht-de-30-a-40m\/\">\n\t\t\t\t\t\t<span class=\"elementor-button-content-wrapper\">\n\t\t\t\t\t\t<span class=\"elementor-button-icon\">\n\t\t\t\t<i aria-hidden=\"true\" class=\"far fa-window-close\"><\/i>\t\t\t<\/span>\n\t\t\t\t\t\t\t\t\t<span class=\"elementor-button-text\">FERMER<\/span>\n\t\t\t\t\t<\/span>\n\t\t\t\t\t<\/a>\n\t\t\t\t<\/div>\n\t\t\t\t\t\t\t\t<\/div>\n\t\t\t\t<\/div>\n\t\t\t\t\t<\/div>\n\t\t<\/div>\n\t\t\t\t\t<\/div>\n\t\t<\/section>\n\t\t\t\t<section class=\"elementor-section elementor-top-section elementor-element elementor-element-2ad17ade elementor-section-stretched elementor-section-boxed elementor-section-height-default elementor-section-height-default\" data-id=\"2ad17ade\" data-element_type=\"section\" data-e-type=\"section\" data-settings=\"{&quot;stretch_section&quot;:&quot;section-stretched&quot;}\">\n\t\t\t\t\t\t<div class=\"elementor-container elementor-column-gap-default\">\n\t\t\t\t\t<div class=\"elementor-column elementor-col-100 elementor-top-column elementor-element elementor-element-f6b55a2\" data-id=\"f6b55a2\" data-element_type=\"column\" data-e-type=\"column\">\n\t\t\t<div class=\"elementor-widget-wrap elementor-element-populated\">\n\t\t\t\t\t\t<div class=\"elementor-element elementor-element-10cc3c9 elementor-invisible elementor-widget elementor-widget-heading\" data-id=\"10cc3c9\" data-element_type=\"widget\" data-e-type=\"widget\" data-settings=\"{&quot;_animation&quot;:&quot;fadeInUp&quot;}\" data-widget_type=\"heading.default\">\n\t\t\t\t<div class=\"elementor-widget-container\">\n\t\t\t\t\t<h2 class=\"elementor-heading-title elementor-size-default\">PALMER &amp; JOHNSON<\/h2>\t\t\t\t<\/div>\n\t\t\t\t<\/div>\n\t\t\t\t\t<\/div>\n\t\t<\/div>\n\t\t\t\t\t<\/div>\n\t\t<\/section>\n\t\t\t\t<section class=\"elementor-section elementor-top-section elementor-element elementor-element-374c3f09 elementor-section-full_width elementor-section-stretched elementor-section-height-default elementor-section-height-default\" data-id=\"374c3f09\" data-element_type=\"section\" data-e-type=\"section\" data-settings=\"{&quot;stretch_section&quot;:&quot;section-stretched&quot;}\">\n\t\t\t\t\t\t<div class=\"elementor-container elementor-column-gap-default\">\n\t\t\t\t\t<div class=\"elementor-column elementor-col-50 elementor-top-column elementor-element elementor-element-6f6a19f4\" data-id=\"6f6a19f4\" data-element_type=\"column\" data-e-type=\"column\">\n\t\t\t<div class=\"elementor-widget-wrap elementor-element-populated\">\n\t\t\t\t\t\t<div class=\"elementor-element elementor-element-514134d1 elementor-widget elementor-widget-shortcode\" data-id=\"514134d1\" data-element_type=\"widget\" data-e-type=\"widget\" data-widget_type=\"shortcode.default\">\n\t\t\t\t<div class=\"elementor-widget-container\">\n\t\t\t\t\t\t\t<div class=\"elementor-shortcode\"><\/div>\n\t\t\t\t\t\t<\/div>\n\t\t\t\t<\/div>\n\t\t\t\t\t<\/div>\n\t\t<\/div>\n\t\t\t\t<div class=\"elementor-column elementor-col-50 elementor-top-column elementor-element elementor-element-62007e1f\" data-id=\"62007e1f\" data-element_type=\"column\" data-e-type=\"column\">\n\t\t\t<div class=\"elementor-widget-wrap elementor-element-populated\">\n\t\t\t\t\t\t<div class=\"elementor-element elementor-element-b311daf elementor-widget elementor-widget-heading\" data-id=\"b311daf\" data-element_type=\"widget\" data-e-type=\"widget\" data-widget_type=\"heading.default\">\n\t\t\t\t<div class=\"elementor-widget-container\">\n\t\t\t\t\t<h3 class=\"elementor-heading-title elementor-size-default\">82500\u20ac HT \/ semaine +TVA<\/h3>\t\t\t\t<\/div>\n\t\t\t\t<\/div>\n\t\t\t\t<div class=\"elementor-element elementor-element-48f567ba elementor-widget-divider--view-line elementor-widget elementor-widget-divider\" data-id=\"48f567ba\" data-element_type=\"widget\" data-e-type=\"widget\" data-widget_type=\"divider.default\">\n\t\t\t\t<div class=\"elementor-widget-container\">\n\t\t\t\t\t\t\t<div class=\"elementor-divider\">\n\t\t\t<span class=\"elementor-divider-separator\">\n\t\t\t\t\t\t<\/span>\n\t\t<\/div>\n\t\t\t\t\t\t<\/div>\n\t\t\t\t<\/div>\n\t\t\t\t<div class=\"elementor-element elementor-element-3d6350e2 elementor-widget elementor-widget-text-editor\" data-id=\"3d6350e2\" data-element_type=\"widget\" data-e-type=\"widget\" data-widget_type=\"text-editor.default\">\n\t\t\t\t<div class=\"elementor-widget-container\">\n\t\t\t\t\t\t\t\t\t<p style=\"padding-left: 40px;\">LONGUEUR : 36,50m<\/p><p style=\"padding-left: 40px;\">PASSAGERS: 8\/12<\/p><p style=\"padding-left: 40px;\">\u00c9QUIPAGE: 5<\/p><p style=\"padding-left: 40px;\">CABINES: 4<\/p><p style=\"padding-left: 40px;\">CARBURANT: Diesel<\/p><p style=\"padding-left: 40px;\">EQUIPEMENTS: Douche de pont \/ TV \/ HIFI<\/p><p style=\"padding-left: 40px;\">Tarif : Il ne comprend ni les frais d\u2019avitaillement, ni les frais de carburant ainsi que les \u00e9ventuelles taxes<\/p>\t\t\t\t\t\t\t\t<\/div>\n\t\t\t\t<\/div>\n\t\t\t\t<div class=\"elementor-element elementor-element-417dfa20 elementor-widget elementor-widget-spacer\" data-id=\"417dfa20\" data-element_type=\"widget\" data-e-type=\"widget\" data-widget_type=\"spacer.default\">\n\t\t\t\t<div class=\"elementor-widget-container\">\n\t\t\t\t\t\t\t<div class=\"elementor-spacer\">\n\t\t\t<div class=\"elementor-spacer-inner\"><\/div>\n\t\t<\/div>\n\t\t\t\t\t\t<\/div>\n\t\t\t\t<\/div>\n\t\t\t\t<section class=\"elementor-section elementor-inner-section elementor-element elementor-element-247ccefa elementor-section-boxed elementor-section-height-default elementor-section-height-default\" data-id=\"247ccefa\" data-element_type=\"section\" data-e-type=\"section\">\n\t\t\t\t\t\t<div class=\"elementor-container elementor-column-gap-default\">\n\t\t\t\t\t<div class=\"elementor-column elementor-col-50 elementor-inner-column elementor-element elementor-element-4a10a13b\" data-id=\"4a10a13b\" data-element_type=\"column\" data-e-type=\"column\">\n\t\t\t<div class=\"elementor-widget-wrap elementor-element-populated\">\n\t\t\t\t\t\t<div class=\"elementor-element elementor-element-42b4e183 elementor-align-justify elementor-widget elementor-widget-button\" data-id=\"42b4e183\" data-element_type=\"widget\" data-e-type=\"widget\" data-widget_type=\"button.default\">\n\t\t\t\t<div class=\"elementor-widget-container\">\n\t\t\t\t\t\t\t\t\t<div class=\"elementor-button-wrapper\">\n\t\t\t\t\t<a class=\"elementor-button elementor-button-link elementor-size-xs\" href=\"tel:+33611733056\">\n\t\t\t\t\t\t<span class=\"elementor-button-content-wrapper\">\n\t\t\t\t\t\t<span class=\"elementor-button-icon\">\n\t\t\t\t<i aria-hidden=\"true\" class=\"fas fa-phone-volume\"><\/i>\t\t\t<\/span>\n\t\t\t\t\t\t\t\t\t<span class=\"elementor-button-text\">APPELER<\/span>\n\t\t\t\t\t<\/span>\n\t\t\t\t\t<\/a>\n\t\t\t\t<\/div>\n\t\t\t\t\t\t\t\t<\/div>\n\t\t\t\t<\/div>\n\t\t\t\t\t<\/div>\n\t\t<\/div>\n\t\t\t\t<div class=\"elementor-column elementor-col-50 elementor-inner-column elementor-element elementor-element-7f76ada9\" data-id=\"7f76ada9\" data-element_type=\"column\" data-e-type=\"column\">\n\t\t\t<div class=\"elementor-widget-wrap elementor-element-populated\">\n\t\t\t\t\t\t<div class=\"elementor-element elementor-element-6b1601ff elementor-align-justify elementor-widget elementor-widget-button\" data-id=\"6b1601ff\" data-element_type=\"widget\" data-e-type=\"widget\" data-widget_type=\"button.default\">\n\t\t\t\t<div class=\"elementor-widget-container\">\n\t\t\t\t\t\t\t\t\t<div class=\"elementor-button-wrapper\">\n\t\t\t\t\t<a class=\"elementor-button elementor-button-link elementor-size-xs\" href=\"mailto:contact@absoluteboat.com?subject=Palmer%20&#038;%20Johnson\" mangusta=\"\">\n\t\t\t\t\t\t<span class=\"elementor-button-content-wrapper\">\n\t\t\t\t\t\t<span class=\"elementor-button-icon\">\n\t\t\t\t<i aria-hidden=\"true\" class=\"fas fa-at\"><\/i>\t\t\t<\/span>\n\t\t\t\t\t\t\t\t\t<span class=\"elementor-button-text\">CONTACT<\/span>\n\t\t\t\t\t<\/span>\n\t\t\t\t\t<\/a>\n\t\t\t\t<\/div>\n\t\t\t\t\t\t\t\t<\/div>\n\t\t\t\t<\/div>\n\t\t\t\t\t<\/div>\n\t\t<\/div>\n\t\t\t\t\t<\/div>\n\t\t<\/section>\n\t\t\t\t\t<\/div>\n\t\t<\/div>\n\t\t\t\t\t<\/div>\n\t\t<\/section>\n\t\t\t\t<section class=\"elementor-section elementor-top-section elementor-element elementor-element-bbd9189 elementor-section-boxed elementor-section-height-default elementor-section-height-default\" data-id=\"bbd9189\" data-element_type=\"section\" data-e-type=\"section\">\n\t\t\t\t\t\t<div class=\"elementor-container elementor-column-gap-default\">\n\t\t\t\t\t<div class=\"elementor-column elementor-col-100 elementor-top-column elementor-element elementor-element-748647e\" data-id=\"748647e\" data-element_type=\"column\" data-e-type=\"column\">\n\t\t\t<div class=\"elementor-widget-wrap elementor-element-populated\">\n\t\t\t\t\t\t<div class=\"elementor-element elementor-element-1ec019a elementor-widget elementor-widget-text-editor\" data-id=\"1ec019a\" data-element_type=\"widget\" data-e-type=\"widget\" data-widget_type=\"text-editor.default\">\n\t\t\t\t<div class=\"elementor-widget-container\">\n\t\t\t\t\t\t\t\t\t<p>Les prix sont affich\u00e9s hors taxes. Le montant de la TVA est de 20% et peut \u00eatre ramen\u00e9 \u00e0 10% en fonction du programme de navigation<\/p>\t\t\t\t\t\t\t\t<\/div>\n\t\t\t\t<\/div>\n\t\t\t\t\t<\/div>\n\t\t<\/div>\n\t\t\t\t\t<\/div>\n\t\t<\/section>\n\t\t\t\t<section class=\"elementor-section elementor-top-section elementor-element elementor-element-554b33 elementor-section-full_width elementor-section-height-default elementor-section-height-default\" data-id=\"554b33\" data-element_type=\"section\" data-e-type=\"section\">\n\t\t\t\t\t\t<div class=\"elementor-container elementor-column-gap-default\">\n\t\t\t\t\t<div class=\"elementor-column elementor-col-33 elementor-top-column elementor-element elementor-element-7e68c5bb\" data-id=\"7e68c5bb\" data-element_type=\"column\" data-e-type=\"column\">\n\t\t\t<div class=\"elementor-widget-wrap\">\n\t\t\t\t\t\t\t<\/div>\n\t\t<\/div>\n\t\t\t\t<div class=\"elementor-column elementor-col-33 elementor-top-column elementor-element elementor-element-5f773c56\" data-id=\"5f773c56\" data-element_type=\"column\" data-e-type=\"column\">\n\t\t\t<div class=\"elementor-widget-wrap elementor-element-populated\">\n\t\t\t\t\t\t<div class=\"elementor-element elementor-element-d307b56 elementor-align-center elementor-hidden-desktop elementor-hidden-tablet elementor-widget elementor-widget-button\" data-id=\"d307b56\" data-element_type=\"widget\" data-e-type=\"widget\" data-widget_type=\"button.default\">\n\t\t\t\t<div class=\"elementor-widget-container\">\n\t\t\t\t\t\t\t\t\t<div class=\"elementor-button-wrapper\">\n\t\t\t\t\t<a class=\"elementor-button elementor-button-link elementor-size-xs\" href=\"https:\/\/absoluteboat.com\/index.php\/location-de-yacht-de-30-a-40m\/\">\n\t\t\t\t\t\t<span class=\"elementor-button-content-wrapper\">\n\t\t\t\t\t\t<span class=\"elementor-button-icon\">\n\t\t\t\t<i aria-hidden=\"true\" class=\"far fa-window-close\"><\/i>\t\t\t<\/span>\n\t\t\t\t\t\t\t\t\t<span class=\"elementor-button-text\">FERMER<\/span>\n\t\t\t\t\t<\/span>\n\t\t\t\t\t<\/a>\n\t\t\t\t<\/div>\n\t\t\t\t\t\t\t\t<\/div>\n\t\t\t\t<\/div>\n\t\t\t\t\t<\/div>\n\t\t<\/div>\n\t\t\t\t<div class=\"elementor-column elementor-col-33 elementor-top-column elementor-element elementor-element-a00c14a\" data-id=\"a00c14a\" data-element_type=\"column\" data-e-type=\"column\">\n\t\t\t<div class=\"elementor-widget-wrap\">\n\t\t\t\t\t\t\t<\/div>\n\t\t<\/div>\n\t\t\t\t\t<\/div>\n\t\t<\/section>\n\t\t\t\t<section class=\"elementor-section elementor-top-section elementor-element elementor-element-603a7cec elementor-section-boxed elementor-section-height-default elementor-section-height-default\" data-id=\"603a7cec\" data-element_type=\"section\" data-e-type=\"section\">\n\t\t\t\t\t\t<div class=\"elementor-container elementor-column-gap-default\">\n\t\t\t\t\t<div class=\"elementor-column elementor-col-100 elementor-top-column elementor-element elementor-element-752fd447\" data-id=\"752fd447\" data-element_type=\"column\" data-e-type=\"column\">\n\t\t\t<div class=\"elementor-widget-wrap elementor-element-populated\">\n\t\t\t\t\t\t<div class=\"elementor-element elementor-element-7208f9a7 elementor-widget elementor-widget-spacer\" data-id=\"7208f9a7\" data-element_type=\"widget\" data-e-type=\"widget\" data-widget_type=\"spacer.default\">\n\t\t\t\t<div class=\"elementor-widget-container\">\n\t\t\t\t\t\t\t<div class=\"elementor-spacer\">\n\t\t\t<div class=\"elementor-spacer-inner\"><\/div>\n\t\t<\/div>\n\t\t\t\t\t\t<\/div>\n\t\t\t\t<\/div>\n\t\t\t\t\t<\/div>\n\t\t<\/div>\n\t\t\t\t\t<\/div>\n\t\t<\/section>\n\t\t\t\t<section class=\"elementor-section elementor-top-section elementor-element elementor-element-4c60c46f elementor-section-full_width elementor-section-stretched elementor-section-height-default elementor-section-height-default\" data-id=\"4c60c46f\" data-element_type=\"section\" data-e-type=\"section\" data-settings=\"{&quot;stretch_section&quot;:&quot;section-stretched&quot;}\">\n\t\t\t\t\t\t<div class=\"elementor-container elementor-column-gap-default\">\n\t\t\t\t\t<div class=\"elementor-column elementor-col-100 elementor-top-column elementor-element elementor-element-7f4d91f5\" data-id=\"7f4d91f5\" data-element_type=\"column\" data-e-type=\"column\">\n\t\t\t<div class=\"elementor-widget-wrap elementor-element-populated\">\n\t\t\t\t\t\t<div class=\"elementor-element elementor-element-5f149701 elementor-widget elementor-widget-sina_content_box\" data-id=\"5f149701\" data-element_type=\"widget\" data-e-type=\"widget\" data-widget_type=\"sina_content_box.default\">\n\t\t\t\t<div class=\"elementor-widget-container\">\n\t\t\t\t\t\t\t<div class=\"sina-content-box clearfix sina-content-box-move \">\r\n\r\n\t\t\t\r\n\t\t\t\r\n\t\t\t\t\t\t\t\t\r\n\t\t\t\t\t<div class=\"sina-content-box-content\">\r\n\t\t\t\t\t\t\t\t\t\t\t\t\t<h3 class=\"sina-content-box-title\">\r\n\t\t\t\t\t\t\t\t\t\t\t\t\t\t\t\t\tAbsolute Boat C\u00f4te d'Azur\t\t\t\t\t\t\t\t\t\t\t\t\t\t\t<\/h3>\r\n\t\t\t\t\t\t\r\n\t\t\t\t\t\t\t\t\t\t\t\t\t<div class=\"sina-content-box-desc\">Location de bateaux et de yachts sur la C\u00f4te d'Azur depuis 2004.<\/div>\t\t\t\t\t\t\r\n\t\t\t\t\t\t\t\t\t\t\t<\/div>\r\n\t\t\t\t\t<\/div><!-- .sina-content-box -->\r\n\t\t\t\t\t\t<\/div>\n\t\t\t\t<\/div>\n\t\t\t\t\t<\/div>\n\t\t<\/div>\n\t\t\t\t\t<\/div>\n\t\t<\/section>\n\t\t\t\t<\/div>\n\t\t","protected":false},"excerpt":{"rendered":"<p>FERMER PALMER &amp; JOHNSON 82500\u20ac HT \/ semaine +TVA LONGUEUR : 36,50m PASSAGERS: 8\/12 \u00c9QUIPAGE: 5 CABINES: 4 CARBURANT: Diesel EQUIPEMENTS: Douche de pont \/ TV \/ HIFI Tarif : Il ne comprend ni les frais d\u2019avitaillement, ni les frais de carburant ainsi que les \u00e9ventuelles taxes APPELER CONTACT Les prix sont affich\u00e9s hors taxes. [&hellip;]<\/p>\n","protected":false},"author":1,"featured_media":0,"parent":0,"menu_order":0,"comment_status":"closed","ping_status":"closed","template":"","meta":{"footnotes":""},"class_list":["post-3074","page","type-page","status-publish","hentry","entry"],"yoast_head":"<!-- This site is optimized with the Yoast SEO plugin v27.5 - https:\/\/yoast.com\/product\/yoast-seo-wordpress\/ -->\n<title>Palmer Johnson yacht de 36,50 m\u00e8tres \u00e0 louer Cannes | Absolute Boat<\/title>\n<meta name=\"description\" content=\"Palmer &amp; Johnson est un yacht de 36,50m avec 4 cabines qui peut prendre 8 passagers pour une croisi\u00e8re en M\u00e9diterran\u00e9e, en Corse ou St Tropez.\" \/>\n<meta name=\"robots\" content=\"index, follow, max-snippet:-1, max-image-preview:large, max-video-preview:-1\" \/>\n<link rel=\"canonical\" href=\"https:\/\/absoluteboat.com\/index.php\/palmer-johnson-yacht-36m-a-louer-cannes\/\" \/>\n<meta property=\"og:locale\" content=\"fr_FR\" \/>\n<meta property=\"og:type\" content=\"article\" \/>\n<meta property=\"og:title\" content=\"Palmer Johnson yacht de 36,50 m\u00e8tres \u00e0 louer Cannes | Absolute Boat\" \/>\n<meta property=\"og:description\" content=\"Palmer &amp; Johnson est un yacht de 36,50m avec 4 cabines qui peut prendre 8 passagers pour une croisi\u00e8re en M\u00e9diterran\u00e9e, en Corse ou St Tropez.\" \/>\n<meta property=\"og:url\" content=\"https:\/\/absoluteboat.com\/index.php\/palmer-johnson-yacht-36m-a-louer-cannes\/\" \/>\n<meta property=\"og:site_name\" content=\"ABSOLUTE BOAT\" \/>\n<meta property=\"article:publisher\" content=\"https:\/\/www.facebook.com\/AbsoluteBoatCoteDazur\" \/>\n<meta property=\"article:modified_time\" content=\"2025-09-17T20:36:08+00:00\" \/>\n<meta name=\"twitter:card\" content=\"summary_large_image\" \/>\n<meta name=\"twitter:site\" content=\"@absoluteboat\" \/>\n<meta name=\"twitter:label1\" content=\"Dur\u00e9e de lecture estim\u00e9e\" \/>\n\t<meta name=\"twitter:data1\" content=\"1 minute\" \/>\n<script type=\"application\/ld+json\" class=\"yoast-schema-graph\">{\"@context\":\"https:\\\/\\\/schema.org\",\"@graph\":[{\"@type\":\"WebPage\",\"@id\":\"https:\\\/\\\/absoluteboat.com\\\/index.php\\\/palmer-johnson-yacht-36m-a-louer-cannes\\\/\",\"url\":\"https:\\\/\\\/absoluteboat.com\\\/index.php\\\/palmer-johnson-yacht-36m-a-louer-cannes\\\/\",\"name\":\"Palmer Johnson yacht de 36,50 m\u00e8tres \u00e0 louer Cannes | Absolute Boat\",\"isPartOf\":{\"@id\":\"https:\\\/\\\/absoluteboat.com\\\/#website\"},\"datePublished\":\"2021-04-15T13:58:58+00:00\",\"dateModified\":\"2025-09-17T20:36:08+00:00\",\"description\":\"Palmer & Johnson est un yacht de 36,50m avec 4 cabines qui peut prendre 8 passagers pour une croisi\u00e8re en M\u00e9diterran\u00e9e, en Corse ou St Tropez.\",\"breadcrumb\":{\"@id\":\"https:\\\/\\\/absoluteboat.com\\\/index.php\\\/palmer-johnson-yacht-36m-a-louer-cannes\\\/#breadcrumb\"},\"inLanguage\":\"fr-FR\",\"potentialAction\":[{\"@type\":\"ReadAction\",\"target\":[\"https:\\\/\\\/absoluteboat.com\\\/index.php\\\/palmer-johnson-yacht-36m-a-louer-cannes\\\/\"]}]},{\"@type\":\"BreadcrumbList\",\"@id\":\"https:\\\/\\\/absoluteboat.com\\\/index.php\\\/palmer-johnson-yacht-36m-a-louer-cannes\\\/#breadcrumb\",\"itemListElement\":[{\"@type\":\"ListItem\",\"position\":1,\"name\":\"Accueil\",\"item\":\"https:\\\/\\\/absoluteboat.com\\\/\"},{\"@type\":\"ListItem\",\"position\":2,\"name\":\"palmer-johnson-yacht-36m-a-louer-cannes\"}]},{\"@type\":\"WebSite\",\"@id\":\"https:\\\/\\\/absoluteboat.com\\\/#website\",\"url\":\"https:\\\/\\\/absoluteboat.com\\\/\",\"name\":\"ABSOLUTE BOAT\",\"description\":\"Location de bateaux et de yacht \u00e0 Cannes\",\"publisher\":{\"@id\":\"https:\\\/\\\/absoluteboat.com\\\/#organization\"},\"potentialAction\":[{\"@type\":\"SearchAction\",\"target\":{\"@type\":\"EntryPoint\",\"urlTemplate\":\"https:\\\/\\\/absoluteboat.com\\\/?s={search_term_string}\"},\"query-input\":{\"@type\":\"PropertyValueSpecification\",\"valueRequired\":true,\"valueName\":\"search_term_string\"}}],\"inLanguage\":\"fr-FR\"},{\"@type\":\"Organization\",\"@id\":\"https:\\\/\\\/absoluteboat.com\\\/#organization\",\"name\":\"ABSOLUTE BOAT\",\"url\":\"https:\\\/\\\/absoluteboat.com\\\/\",\"logo\":{\"@type\":\"ImageObject\",\"inLanguage\":\"fr-FR\",\"@id\":\"https:\\\/\\\/absoluteboat.com\\\/#\\\/schema\\\/logo\\\/image\\\/\",\"url\":\"https:\\\/\\\/absoluteboat.com\\\/wp-content\\\/uploads\\\/2021\\\/04\\\/absoluteLogoSite.png\",\"contentUrl\":\"https:\\\/\\\/absoluteboat.com\\\/wp-content\\\/uploads\\\/2021\\\/04\\\/absoluteLogoSite.png\",\"width\":1263,\"height\":123,\"caption\":\"ABSOLUTE BOAT\"},\"image\":{\"@id\":\"https:\\\/\\\/absoluteboat.com\\\/#\\\/schema\\\/logo\\\/image\\\/\"},\"sameAs\":[\"https:\\\/\\\/www.facebook.com\\\/AbsoluteBoatCoteDazur\",\"https:\\\/\\\/x.com\\\/absoluteboat\",\"https:\\\/\\\/www.instagram.com\\\/absoluteboatcannes\\\/\",\"https:\\\/\\\/www.tiktok.com\\\/@absoluteboat\",\"https:\\\/\\\/www.linkedin.com\\\/company\\\/absolute-boat-cote-dazur?trk=similar-pages_result-card_full-click\"]}]}<\/script>\n<!-- \/ Yoast SEO plugin. -->","yoast_head_json":{"title":"Palmer Johnson yacht de 36,50 m\u00e8tres \u00e0 louer Cannes | Absolute Boat","description":"Palmer & Johnson est un yacht de 36,50m avec 4 cabines qui peut prendre 8 passagers pour une croisi\u00e8re en M\u00e9diterran\u00e9e, en Corse ou St Tropez.","robots":{"index":"index","follow":"follow","max-snippet":"max-snippet:-1","max-image-preview":"max-image-preview:large","max-video-preview":"max-video-preview:-1"},"canonical":"https:\/\/absoluteboat.com\/index.php\/palmer-johnson-yacht-36m-a-louer-cannes\/","og_locale":"fr_FR","og_type":"article","og_title":"Palmer Johnson yacht de 36,50 m\u00e8tres \u00e0 louer Cannes | Absolute Boat","og_description":"Palmer & Johnson est un yacht de 36,50m avec 4 cabines qui peut prendre 8 passagers pour une croisi\u00e8re en M\u00e9diterran\u00e9e, en Corse ou St Tropez.","og_url":"https:\/\/absoluteboat.com\/index.php\/palmer-johnson-yacht-36m-a-louer-cannes\/","og_site_name":"ABSOLUTE BOAT","article_publisher":"https:\/\/www.facebook.com\/AbsoluteBoatCoteDazur","article_modified_time":"2025-09-17T20:36:08+00:00","twitter_card":"summary_large_image","twitter_site":"@absoluteboat","twitter_misc":{"Dur\u00e9e de lecture estim\u00e9e":"1 minute"},"schema":{"@context":"https:\/\/schema.org","@graph":[{"@type":"WebPage","@id":"https:\/\/absoluteboat.com\/index.php\/palmer-johnson-yacht-36m-a-louer-cannes\/","url":"https:\/\/absoluteboat.com\/index.php\/palmer-johnson-yacht-36m-a-louer-cannes\/","name":"Palmer Johnson yacht de 36,50 m\u00e8tres \u00e0 louer Cannes | Absolute Boat","isPartOf":{"@id":"https:\/\/absoluteboat.com\/#website"},"datePublished":"2021-04-15T13:58:58+00:00","dateModified":"2025-09-17T20:36:08+00:00","description":"Palmer & Johnson est un yacht de 36,50m avec 4 cabines qui peut prendre 8 passagers pour une croisi\u00e8re en M\u00e9diterran\u00e9e, en Corse ou St Tropez.","breadcrumb":{"@id":"https:\/\/absoluteboat.com\/index.php\/palmer-johnson-yacht-36m-a-louer-cannes\/#breadcrumb"},"inLanguage":"fr-FR","potentialAction":[{"@type":"ReadAction","target":["https:\/\/absoluteboat.com\/index.php\/palmer-johnson-yacht-36m-a-louer-cannes\/"]}]},{"@type":"BreadcrumbList","@id":"https:\/\/absoluteboat.com\/index.php\/palmer-johnson-yacht-36m-a-louer-cannes\/#breadcrumb","itemListElement":[{"@type":"ListItem","position":1,"name":"Accueil","item":"https:\/\/absoluteboat.com\/"},{"@type":"ListItem","position":2,"name":"palmer-johnson-yacht-36m-a-louer-cannes"}]},{"@type":"WebSite","@id":"https:\/\/absoluteboat.com\/#website","url":"https:\/\/absoluteboat.com\/","name":"ABSOLUTE BOAT","description":"Location de bateaux et de yacht \u00e0 Cannes","publisher":{"@id":"https:\/\/absoluteboat.com\/#organization"},"potentialAction":[{"@type":"SearchAction","target":{"@type":"EntryPoint","urlTemplate":"https:\/\/absoluteboat.com\/?s={search_term_string}"},"query-input":{"@type":"PropertyValueSpecification","valueRequired":true,"valueName":"search_term_string"}}],"inLanguage":"fr-FR"},{"@type":"Organization","@id":"https:\/\/absoluteboat.com\/#organization","name":"ABSOLUTE BOAT","url":"https:\/\/absoluteboat.com\/","logo":{"@type":"ImageObject","inLanguage":"fr-FR","@id":"https:\/\/absoluteboat.com\/#\/schema\/logo\/image\/","url":"https:\/\/absoluteboat.com\/wp-content\/uploads\/2021\/04\/absoluteLogoSite.png","contentUrl":"https:\/\/absoluteboat.com\/wp-content\/uploads\/2021\/04\/absoluteLogoSite.png","width":1263,"height":123,"caption":"ABSOLUTE BOAT"},"image":{"@id":"https:\/\/absoluteboat.com\/#\/schema\/logo\/image\/"},"sameAs":["https:\/\/www.facebook.com\/AbsoluteBoatCoteDazur","https:\/\/x.com\/absoluteboat","https:\/\/www.instagram.com\/absoluteboatcannes\/","https:\/\/www.tiktok.com\/@absoluteboat","https:\/\/www.linkedin.com\/company\/absolute-boat-cote-dazur?trk=similar-pages_result-card_full-click"]}]}},"_links":{"self":[{"href":"https:\/\/absoluteboat.com\/index.php\/wp-json\/wp\/v2\/pages\/3074","targetHints":{"allow":["GET"]}}],"collection":[{"href":"https:\/\/absoluteboat.com\/index.php\/wp-json\/wp\/v2\/pages"}],"about":[{"href":"https:\/\/absoluteboat.com\/index.php\/wp-json\/wp\/v2\/types\/page"}],"author":[{"embeddable":true,"href":"https:\/\/absoluteboat.com\/index.php\/wp-json\/wp\/v2\/users\/1"}],"replies":[{"embeddable":true,"href":"https:\/\/absoluteboat.com\/index.php\/wp-json\/wp\/v2\/comments?post=3074"}],"version-history":[{"count":14,"href":"https:\/\/absoluteboat.com\/index.php\/wp-json\/wp\/v2\/pages\/3074\/revisions"}],"predecessor-version":[{"id":14020,"href":"https:\/\/absoluteboat.com\/index.php\/wp-json\/wp\/v2\/pages\/3074\/revisions\/14020"}],"wp:attachment":[{"href":"https:\/\/absoluteboat.com\/index.php\/wp-json\/wp\/v2\/media?parent=3074"}],"curies":[{"name":"wp","href":"https:\/\/api.w.org\/{rel}","templated":true}]}}